
What is (-316 - -300) + (4 - -1)?
-11
What is the value of 1 + (-4 - 0) - (32 - 19)?
-16
What is (3 - 6) + 1 + (-12 + 11 - -3)?
0
What is the value of 7 + (-10 - -13 - 3 - 8)?
-1
Evaluate 14 + (-21 - -3 - -16) - -21.
33
Calculate -2 + (4 - 3) - (54 + -62).
7
What is the value of -12 - (-23 + 18 + -13)?
6
(-32 + -8 - -51) + (-10 - 0)
1
What is 3 + (7 - ((-7 - (-11 + 1)) + 5))?
2
What is 10 - (-8 + -8 - (-17 + 8))?
17
-2 - (0 + -3) - (-6 - -5)
2
Evaluate (5 + (3 - 3) - 11) + -2 + -3.
-11
Evaluate -25 + -2 + 27 + 13.
13
Evaluate -9 + 1 - (-3 + 19 + -25).
1
What is (19 - 37) + -1 + 39?
20
Evaluate -37 - (3 + -4 + -7).
-29
6 + 7 + (-15 - -5) - (1 + 10)
-8
Calculate 14 - (2 - (-7 - -1)).
6
(87 - 82) + (-1 - -1) + -10
-5
6 + -2 - (-44 - (-21 - 12))
15
What is (-45 - -13) + 1 + 14?
-17
Evaluate (73 - 95) + 0 + 9.
-13
Evaluate 3 + (-7 - (-4 + 1 + -6)) + 6.
11
What is the value of (8 - 11) + -12 - -5?
-10
Evaluate 2 - -1 - (-35 - -100 - 35).
-27
What is the value of 0 + 3 - ((3 - (10 - -1)) + 2)?
9
Calculate 9 - (1 - 3 - -10).
1
Calculate -33 + 3 + 8 - -29.
7
Evaluate -20 - ((-8 - -12) + -27).
3
What is the value of -11 + 8 + (-3 - -10) + (15 - -4)?
23
18 - (38 + -8 + -23)
11
Evaluate -2 + -10 - -4 - (5 + 0 - -2).
-15
What is -2 + -19 + (-8 - -5) + 4 + -1?
-21
Evaluate -1 + -1 - (-16 + (-2 - (6 + -8))).
14
Evaluate 13 - 0 - (-136 - -161).
-12
What is -5 + -42 + (21 - -7)?
-19
Evaluate 1 + 1 + 3 + -17 + 22 + -7.
3
What is 19 - (-18 + 9 + 0 - -18)?
10
What is the value of 40 - 32 - (1 + 2 + 0 - 3)?
8
Evaluate (3 - (2 + 6)) + 226 + -233.
-12
-1 + 0 - ((-1 - 22) + 33)
-11
Evaluate 27 + -12 + (17 - 16).
16
Calculate -4 - (-2 + 13 + -59 + 40).
4
Evaluate -2 - (-18 - (1 - 3)).
14
15 - 2 - (-4 + 29 + -21)
9
Evaluate 30 - (-37 + 31) - 17.
19
Calculate -37 - -19 - -19 - (-1 - (1 - 7)).
-4
Calculate -4 + -8 + 8 + 12 + -1 + 3.
10
What is -4 - ((10 + -1 - 16) + 11)?
-8
Calculate -117 + 110 - (-2 - -2 - 15).
8
(-3 - -2) + (-75 - -111) + -5
30
What is the value of (0 - (-6 + -7)) + 0?
13
6 + (-8 - 1) - (1 + -9)
5
Calculate 7 + 1 - (-1 + 0) - (67 - 61).
3
Calculate 3 - (-7 + 1 + 47 + -42).
4
What is 5 + -9 + (-11 - (-12 - -6)) + 3?
-6
Evaluate 2 + -16 - ((-4 - 2) + -2).
-6
-2 + (-1 - -21) + -9 + 9
18
Evaluate 6 + (0 - 14) + 12 + -1.
3
Evaluate -57 + -3 + (144 - 114).
-30
What is -141 - -150 - (-3 - 0)?
12
Evaluate 104 + -135 + (2 - -46).
17
What is -3 - (4 - -1) - (-5 + -8 + -9)?
14
What is the value of (-13 - -34) + -29 - (-1 + -2)?
-5
-8 + (6 - (-13 - -7))
4
Evaluate -16 + (-1 - 1) - -24.
6
(-3 - -12) + (5 + -12 - -33)
35
What is (28 - 19) + 6 + -6?
9
Calculate -4 - 3 - (-3 + 0 - (11 + -17)).
-10
Calculate (-4 - 2) + 40 + -16 + 4 + -7.
15
-1 + 7 + (-41 - -38)
3
(-43 - -40) + -12 + 3
-12
2 + -6 + -2 - (-76 + 65)
5
What is the value of (-2 - -10) + (-83 - -85)?
10
What is the value of 10 + 1 - (-35 - -33) - 10?
3
Calculate (-51 - -55) + 0 + (16 - 0) + -3.
17
Evaluate 4 + -2 - (3 - (-5 + 0 + 5)).
-1
-15 + (-18 + -4 - -13)
-24
What is the value of -13 - (-60 + 19) - 4?
24
6 - (6 + -3 + 9) - (8 + -1)
-13
-8 - (-5 + 10 + 4 - (14 + 4))
1
What is the value of 17 + ((15 - -11) + -28 - (-1 - -3))?
13
What is (-10 - (-4 + 0 + 3)) + -13 + 9?
-13
Calculate 16 + (7 - 7) - 10.
6
Evaluate 1 + -7 + 19 + (14 - 21) + -4.
2
What is the value of -14 - (-12 - -2) - (1 - -5)?
-10
Calculate 21 + (-92 - -76) + 2 + 5 + -29.
-17
What is (7 - 4) + (14 - 4) + -4 + 1?
10
What is -10 - (-5 + -10) - -6?
11
(2 - -1) + -753 + 743
-7
What is the value of 36 + 4 + -7 + -2 - 7 - 2?
22
(-20 - -37) + -14 - (4 + -12)
11
What is the value of (9 - (-4 + 27)) + 5?
-9
What is (2 - -2) + (18 + -1 - (140 - 114))?
-5
Evaluate 10 + -9 + -17 - -5.
-11
Calculate 7 - (-14 - (-23 + 3)).
1
-6 + (23 - (2 + (-3 - -7))) + -5
6
Calculate -10 + -14 + 16 - (1 - 0) - 5.
-14
What is 0 - ((-10 + 21 - 10) + (2 - -2))?
-5
-6 - -31 - (-5 - -3) - 3
24
-6 + (-3 - (-2 - 2)) + -10 + -2
-17
What is 5 - (48 - 36) - (1 + -20)?
12
Calculate (3 - -25) + (162 - 215).
-25
Calculate 737 + -737 + -3 + 1 + 9 + -26.
-19
(19 - (42 - 34)) + -10 + 3
4
What is the value of -13 + -2 + (-12 - -4 - -11)?
-12
What is (-9 - (17 + -45)) + (-6 - (6 - 3))?
10
What is (0 - 3 - (-5 - -3)) + -7 + -26?
-34
Evaluate -349 + 354 - (33 - 1).
-27
19 + -17 - (-3 + 1 - -1)
3
What is the value of (-135 - -126 - (-1 - 17)) + 3 + -24?
-12
Evaluate (-27 - (22 - 42)) + (19 - (0 - -1)).
11
What is the value of -11 + (11 - (8 - 5 - 16)) - -1?
14
-14 + -13 + (-17 - -15 - -19)
-10
What is the value of (12 - (23 + 6)) + 21?
4
What is the value of 3 - ((2 - -1) + 6 + -4) - -1?
-1
Evaluate -21 - (-17 + 16 + -13).
-7
8 + -10 - (-8 - (-19 - 2))
-15
What is the value of (6 + -17 - -9 - 2) + 5?
1
Calculate -15 + (-13 + 29 - 22).
-21
Calculate 9 - (4 - (9 + -57 + 5)).
-38
What is -2 - (1 - -6 - (0 - 1))?
-10
What is the value of 50 + -38 + -24 - (-12 + 0)?
0
What is the value of -4 - (-2 + -2) - ((-3 - 9) + 15)?
-3
What is the value of (-7 - (-1 + -2)) + -8 + 10 + -4?
-6
15 + (-1 - 2) - (-9 - (-13 - -5))
13
8 + 10 + -17 + 2 + 6
9
13 - 2 - (-24 - -24)
11
What is -14 - (16 + -24 + -23)?
17
What is the value of -1 + 6 - (-16 + 7 + 19)?
-5
-33 + -7 + 3 + 3 - (3 + -10)
-27
-4 + 8 + -7 + (5 - 8)
-6
What is -20 + (-8 - -11) + (-1 - -6)?
-12
Calculate -4 + (1 - 3) + 8 + -8 - 4.
-10
What is the value of -8 + -4 + (2 + -11 - -8) + 3?
-10
(-26 - (-9 + (8 - 3))) + 8
-14
Calculate (-18 - -2) + (-62 - -72).
-6
What is (2 + -1 - (-11 + 11)) + 131 + -143?
-11
What is the value of -14 - (5 - (7 + -3 + 10))?
-5
What is 7 + 6 + -2 + -17 - -4?
-2
Calculate 0 + (8 - (-6 - (-3 + -5))).
6
(48 - 39 - (0 + -1)) + -10
0
-1 - (13 - 8) - (1 + (-3 - 1))
-3
Evaluate 22 + (-9 - -5) + -16.
2
Calculate (-421 - -403) + (3 - -1) + -1.
-15
What is the value of -1 + (-17 - -14) - (2 - 0) - -19?
13
Evaluate -5 + 29 - 15 - -14.
23
What is -4 + 12 + -8 - 5 - 3?
-8
Evaluate 13 - (-8 - (11 - 8) - 6).
30
Calculate 15 + (-17 - -9) + -14 + -1 + -4.
-12
Calculate 29 + -13 - (9 - 2).
9
5 + -4 + -3 + (2 - 8) - 5
-13
-40 + -2 - (6 + (-6 - (14 + -5)))
-33
11 + -25 + (-7 - -4 - 9)
-26
Evaluate 0 + 12 + 3 + -4 - 5 - -4.
10
Evaluate 25 + (-59 - -23 - 14).
-25
Calculate 15 - (19 + (18 - 10)).
-12
2 - -8 - (0 - 10)
20
Evaluate 4 - -20 - 19 - (0 + -1 - 2).
8
(25 - 5) + (0 - 10)
10
Calculate (5 - 18) + -4 + -1 + -1.
-19
Calculate 13 - (-8 + (-16 - -37)).
0
What is -24 + 28 + (0 - -3 - (1 + -4))?
10
What is -28 + (84 - 31) - 0?
25
Evaluate (-13 + 11 - -13) + -6.
5
Evaluate 2 - (-3 - (6 - 13)).
-2
Calculate (-19 - (-9 + 9)) + 14.
-5
What is 4 - (15 - -5) - (-22 + 14 - -13)?
-21
Calculate -812 + 800 + 43 + 0.
31
What is the value of (9 - (9 - 0 - (14 + -9))) + 5?
10
What is the value of 8 + -4 + (31 - 48) + 3 + 0?
-10
Evaluate 18 - (21 + -31) - 49.
-21
(-36 - -13) + (3 - -4 - -3)
-13
Calculate -17 + 1 + (-19 - -25) + (-14 - -8).
-16
What is -9 - -18 - (8 + 8 - 8)?
1
Evaluate (-1 + 0 - -22) + 27 + (21 - 52).
17
What is the value of (-2 - (-4 - (2 + -11 + 5))) + 1?
-1
What is -3 + (9 - 7 - (6 - 13 - -2))?
4
Evaluate -3 + 0 + 40 - (33 - 17).
21
Calculate -4 + -3 + -1 - (-3 + 0).
-5
Calculate -29 + 24 - (5 + (-1 + 4 - 4)).
-9
-298 + 324 + (-35 - 0)
-9
-345 + 343 + (-3 - (3 - 0))
-8
What is the value of 0 + 6 - (-35 - (-9 + -19))?
13
What is (-4 - (-4 + 3 + -2)) + (31 - 25)?
5
Evaluate 29 + -2 + -12 + -1.
14
-20 - (17 + 1 + -19)
-19
What is the value of (8 - 1) + -2 + (10 - 11)?
4
Calculate (-22 - -18 - -19) + -14.
1
Evaluate 21 + -1 + (-16 - 0).
4
What is the value of (2 - 8 - (-10 + 22 + -46)) + 8?
36
5 + (-6 - (-8 - -10)) - 5
-8
What is the value of 0 + -10 + 235 + -225?
0
Evaluate 56 + -46 + 2 + -2.
10
(-8 - (-1 + -1)) + -2 + -10
-18
What is the value of (13 - (-1 + 21)) + (-5 - -28)?
16
Calculate (1 + 1 - (7 + -8)) + -2 - 4.
-3
What is the value of (-8 - -1) + (13 + (-19 - 7) - -17)?
-3
Evaluate 6 - 4 - (-3 - -11) - (19 + -19).
-6
What is 5 - -4 - 5 - (10 - (3 - -13))?
10
(-36 - -12) + (4 - -2) + -3 + -6
-27
What is 7 + -5 + 0 + 14 + -4 + 1?
13
What is the value of -10 - (-12 - (4 - 16 - -5))?
-5
What is 3 - (-10 + -9 - -11)?
11
Evaluate -6 - (-4 - (-3 + -1)) - -5.
-1
What is 20 + -41 + 24 + -15?
-12
Calculate (-7 - (-12 - -3)) + (8 - -1).
11
41 + -20 - (26 - 0)
-5
11 + -4 + 7 + -4
10
What is the value of (170 - 172) + 3 + 31?
32
Calcula